 is divided by 247?
7
Calculate the remainder when 11337 is divided by 21.
18
What is the remainder when 776 is divided by 37?
36
Calculate the remainder when 59 is divided by 1.
0
Calculate the remainder when 151 is divided by 14.
11
What is the remainder when 871 is divided by 12?
7
What is the remainder when 153 is divided by 72?
9
Calculate the remainder when 751 is divided by 94.
93
What is the remainder when 1177 is divided by 69?
4
What is the remainder when 117 is divided by 65?
52
What is the remainder when 1169 is divided by 62?
53
Calculate the remainder when 198 is divided by 10.
8
What is the remainder when 841 is divided by 146?
111
Calculate the remainder when 2451 is divided by 136.
3
Calculate the remainder when 991 is divided by 40.
31
What is the remainder when 582 is divided by 42?
36
What is the remainder when 501 is divided by 36?
33
What is the remainder when 4793 is divided by 141?
140
What is the remainder when 475 is divided by 231?
13
What is the remainder when 83 is divided by 20?
3
Calculate the remainder when 545 is divided by 14.
13
Calculate the remainder when 141 is divided by 132.
9
What is the remainder when 2475 is divided by 99?
0
What is the remainder when 64 is divided by 7?
1
Calculate the remainder when 84 is divided by 22.
18
Calculate the remainder when 200 is divided by 69.
62
What is the remainder when 2834 is divided by 81?
80
Calculate the remainder when 31 is divided by 13.
5
What is the remainder when 304 is divided by 142?
20
Calculate the remainder when 109 is divided by 19.
14
What is the remainder when 20702 is divided by 67?
66
Calculate the remainder when 73 is divided by 26.
21
What is the remainder when 154 is divided by 40?
34
What is the remainder when 427 is divided by 208?
11
Calculate the remainder when 860 is divided by 237.
149
What is the remainder when 46 is divided by 3?
1
What is the remainder when 1052 is divided by 517?
18
What is the remainder when 1614 is divided by 508?
90
What is the remainder when 81 is divided by 59?
22
Calculate the remainder when 635 is divided by 99.
41
Calculate the remainder when 1689 is divided by 10.
9
What is the remainder when 1636 is divided by 25?
11
Calculate the remainder when 210 is divided by 127.
83
What is the remainder when 1624 is divided by 32?
24
Calculate the remainder when 52 is divided by 8.
4
Calculate the remainder when 14585 is divided by 33.
32
What is the remainder when 98 is divided by 35?
28
Calculate the remainder when 4803 is divided by 800.
3
Calculate the remainder when 238 is divided by 8.
6
What is the remainder when 2963 is divided by 57?
56
What is the remainder when 682 is divided by 69?
61
Calculate the remainder when 3179 is divided by 6.
5
What is the remainder when 424 is divided by 74?
54
What is the remainder when 157 is divided by 69?
19
What is the remainder when 884 is divided by 178?
172
What is the remainder when 10024 is divided by 26?
14
What is the remainder when 3420 is divided by 118?
116
What is the remainder when 19288 is divided by 212?
208
What is the remainder when 752 is divided by 21?
17
Calculate the remainder when 13731 is divided by 21.
18
Calculate the remainder when 157 is divided by 41.
34
Calculate the remainder when 136 is divided by 35.
31
What is the remainder when 122 is divided by 32?
26
What is the remainder when 111 is divided by 38?
35
What is the remainder when 2402 is divided by 40?
2
What is the remainder when 1532 is divided by 28?
20
What is the remainder when 3121 is divided by 80?
1
What is the remainder when 388 is divided by 386?
2
Calculate the remainder when 329 is divided by 135.
59
Calculate the remainder when 257 is divided by 141.
116
Calculate the remainder when 70 is divided by 26.
18
Calculate the remainder when 1583 is divided by 175.
8
What is the remainder when 4622 is divided by 201?
200
What is the remainder when 92 is divided by 5?
2
Calculate the remainder when 951 is divided by 161.
146
Calculate the remainder when 1093 is divided by 10.
3
What is the remainder when 40 is divided by 17?
6
Calculate the remainder when 3836 is divided by 1908.
20
What is the remainder when 150 is divided by 8?
6
Calculate the remainder when 1921 is divided by 627.
40
What is the remainder when 2238 is divided by 40?
38
Calculate the remainder when 58 is divided by 36.
22
Calculate the remainder when 548 is divided by 12.
8
Calculate the remainder when 112 is divided by 38.
36
What is the remainder when 138 is divided by 47?
44
Calculate the remainder when 39 is divided by 24.
15
What is the remainder when 46 is divided by 11?
2
Calculate the remainder when 700 is divided by 37.
34
What is the remainder when 1460 is divided by 24?
20
What is the remainder when 428 is divided by 28?
8
What is the remainder when 34 is divided by 23?
11
Calculate the remainder when 556 is divided by 112.
108
Calculate the remainder when 174 is divided by 92.
82
Calculate the remainder when 539 is divided by 50.
39
Calculate the remainder when 179 is divided by 61.
57
What is the remainder when 43 is divided by 35?
8
Calculate the remainder when 625 is divided by 58.
45
What is the remainder when 100 is divided by 72?
28
What is the remainder when 510 is divided by 255?
0
What is the remainder when 848 is divided by 95?
88
What is the remainder when 718 is divided by 36?
34
Calculate the remainder when 450 is divided by 49.
9
What is the remainder when 516 is divided by 65?
61
Calculate the remainder when 2062 is divided by 64.
14
What is the remainder when 88 is divided by 19?
12
Calculate the remainder when 5835 is divided by 13.
11
Calculate the remainder when 176 is divided by 93.
83
Calculate the remainder when 156 is divided by 50.
6
Calculate the remainder when 1031 is divided by 239.
75
What is the remainder when 10031 is divided by 57?
56
What is the remainder when 2427 is divided by 143?
139
Calculate the remainder when 9626 is divided by 18.
14
Calculate the remainder when 1043 is divided by 116.
115
What is the remainder when 707 is divided by 230?
17
What is the remainder when 206 is divided by 95?
16
What is the remainder when 144 is divided by 35?
4
What is the remainder when 283 is divided by 49?
38
Calculate the remainder when 437 is divided by 55.
52
What is the remainder when 24 is divided by 6?
0
Calculate the remainder when 111 is divided by 54.
3
What is the remainder when 86 is divided by 13?
8
Calculate the remainder when 131 is divided by 95.
36
Calculate the remainder when 21 is divided by 12.
9
Calculate the remainder when 125 is divided by 42.
41
What is the remainder when 1998 is divided by 65?
48
What is the remainder when 134 is divided by 27?
26
What is the remainder when 366 is divided by 54?
42
What is the remainder when 57 is divided by 6?
3
What is the remainder when 41123 is divided by 69?
68
Calculate the remainder when 5165 is divided by 18.
17
What is the remainder when 87 is divided by 6?
3
Calculate the remainder when 446 is divided by 90.
86
Calculate the remainder when 430 is divided by 27.
25
What is the remainder when 13 is divided by 9?
4
What is the remainder when 2045 is divided by 1021?
3
Calculate the remainder when 10704 is divided by 43.
40
What is the remainder when 616 is divided by 25?
16
What is the remainder when 532 is divided by 193?
146
Calculate the remainder when 1419 is divided by 467.
18
What is the remainder when 7754 is divided by 141?
140
Calculate the remainder when 2896 is divided by 46.
44
What is the remainder when 331 is divided by 60?
31
Calculate the remainder when 634 is divided by 64.
58
Calculate the remainder when 299 is divided by 60.
59
Calculate the remainder when 711 is divided by 51.
48
What is the remainder when 214 is divided by 41?
9
Calculate the remainder when 45 is divided by 42.
3
Calculate the remainder when 415 is divided by 405.
10
What is the remainder when 3378 is divided by 54?
30
Calculate the remainder when 439 is divided by 111.
106
Calculate the remainder when 101 is divided by 35.
31
What is the remainder when 68 is divided by 53?
15
What is the remainder when 55 is divided by 47?
8
Calculate the remainder when 797 is divided by 249.
50
What is the remainder when 119 is divided by 5?
4